. What is the tens digit of p?
9
Suppose 1 = 8*g - 15. Let b be 1 - 1/(g*(-1)/512). Let w = b + -121. What is the units digit of w?
6
What is the tens digit of ((-18)/(-522) - 8032860/145)*(0 + -1)?
9
Suppose -3*j + 6*i - 2*i = -132, 5*j = 2*i + 234. Let q be j/80 - (-126)/(-10). What is the tens digit of q/(-8) + 645/(-6)*-1?
0
Suppose t - 10*s - 246 = -8*s, -3*t + 778 = 2*s. Let v be (2 + 0)/((-4)/(-14)). Suppose r = -v*r + t. What is the units digit of r?
2
What is the hundreds digit of (-3 - (-209)/66)*32442?
4
Let x = 500 - 382. Suppose -x = 4*p - 1766. What is the tens digit of p?
1
Let u(y) = 1163*y + 756. What is the units digit of u(8)?
0
Let j be 40/6*21/14. Suppose -30 = -4*w + j*w. What is the units digit of (36/w)/(-3)*4180/66?
2
Let b(w) = -46*w + 26. Let j = -18 - -23. Let p be b(j). What is the units digit of (2 + -1)/((-2)/p)?
2
Let u(x) be the first derivative of 29*x**3/3 - x**2 - 7*x + 10. Let o be (12/15)/4 + (-88)/40. What is the tens digit of u(o)?
1
Let j be 73/(371/(-63) + 6). Suppose -2991 = -6*l - j. What is the tens digit of l?
8
Let t = 81 + 0. Suppose a - x = 21, 5*a + 6*x - 3*x - t = 0. What is the units digit of a?
8
Suppose -4*t - 2752 = -2*z, 28*t - 4117 = -3*z + 23*t. What is the tens digit of z?
7
Let i(f) = f**2 + 16*f - 39. Let z be i(-18). Let h(n) = -n**2 - 3*n - 10. Let b be h(z). What is the units digit of (32/12)/(b/(-795))?
2
What is the tens digit of 10/25 + (-36)/(-5)*(-41378)/(-136)?
9
Suppose 2*v - 2*z = 3977 + 10889, 2*v + 2*z - 14878 = 0. What is the tens digit of v?
3
Let l(a) = 1361*a**2 + 30*a + 60. What is the thousands digit of l(-2)?
5
Let c(s) = -4*s**3 - 392*s**2 - 22*s - 92. What is the units digit of c(-98)?
4
What is the units digit of (-30*6/(-72))/(0 - 3/(-39294))?
5
Let z(x) = 2. Let h(d) = -28*d + 267. Let p(t) = h(t) - z(t). What is the tens digit of p(-39)?
5
Suppose -999 - 213 = -4*o. What is the units digit of (4/(-36)*15)/((-1)/o)?
5
Let c = -7705 + 14393. What is the hundreds digit of c?
6
What is the hundreds digit of ((-35)/(-70))/((-3)/(-8922))?
4
Let d = 37982 + -24590. What is the tens digit of d?
9
Suppose -4*i + 5*f - 18 = 0, -4*f + 3 = 2*i - 1. Let z(v) = -29*v**3 - 4*v**2 - 6*v - 3. Let t be z(i). Suppose -2*m - t = -5*m. What is the tens digit of m?
7
Let x(t) = 6*t**2 + 2*t - 49. Let s be x(16). Suppose 0 = -j + 8*j - s. What is the units digit of j?
7
Suppose 538 = 3*i + 49. Let l = -110 + i. Let t = 77 - l. What is the units digit of t?
4
Let h(l) = -148*l + 124. What is the thousands digit of h(-7)?
1
Let y = 7541 - 2201. What is the thousands digit of y?
5
Let u(x) = 146*x**2 - 5*x + 343. What is the ten thousands digit of u(-13)?
2
Suppose -3*y - 11*i + 10*i = -75203, -4*i = 2*y - 50152. What is the tens digit of y?
6
What is the tens digit of 20/6 - (-9505020)/477?
3
Let b(v) = 4*v - 5 - 3 + 0. Let g be b(2). Suppose g = -2*a + 7*a + 5*i - 430, 0 = -4*a - 3*i + 340. What is the units digit of a?
2
Suppose -8 = -7*u + 5*u. Suppose -a + 6 = 3*a - 2*o, u*a - o = 7. What is the units digit of (0/a + -1)/(3 + -4)?
1
Suppose 8*g + 3*n + 15113 = 9*g, 2*g - 30210 = 2*n. What is the thousands digit of g?
5
Let w(t) = 2*t**2 - 93*t - 1096. What is the ten thousands digit of w(-75)?
1
Suppose -191*j + 68991 + 1240 = -44942. What is the hundreds digit of j?
6
Let m(g) = 525*g**2 + 2*g - 1. Let w be m(1). Let o = w - 95. Let u = -274 + o. What is the tens digit of u?
5
Let t be -18 - (11/4 - 3/4). Let a be ((-264)/(-20) + 0)/(4/t). Let h = 140 + a. What is the tens digit of h?
7
Let x = -8 - -80. Let d = x - 104. What is the tens digit of -54*(d/9 + (-18)/(-81))?
8
Suppose -5*h = -t - 74425, -6*h + 44655 = -3*h + 3*t. What is the units digit of h?
5
Let q = 14708 + -11691. What is the thousands digit of q?
3
Let c(s) = s**3 - 7*s**2 + 9*s - 9. Let d be c(6). Suppose b = -d*b + 710. Let f = b - -14. What is the tens digit of f?
8
Let f = 24 - 35. Let s = -5 - f. What is the tens digit of 2 - -2*111/s?
3
Suppose -4*t + 31 = -2*q + 7, -2*q = 2*t. Suppose t*r - 3*a = -2*a + 5967, r + a = 1493. What is the hundreds digit of r?
4
Suppose w + 68 = t, -3*t + 3*w - 5*w = -214. Let g be (3/(-15) + 54/t)*7. Suppose g*o - o = -5*i + 111, 5*o - 4*i = 148. What is the units digit of o?
2
Let u be 6/(60/(-25))*26. Let a = 86 + u. Let j = a - -32. What is the tens digit of j?
5
Let d = 3 - 135. Let v(y) = -16*y - 84. Let b be v(8). Let z = d - b. What is the tens digit of z?
8
Let i be 119/21 - 1/(-3). Suppose 4*k - 60 = i*k. What is the units digit of k/((0 - -2)/(-2))?
0
Let o(h) = 7 - h + 3*h - 5 + 15. Let b be o(10). Suppose 3*d + 4*r - 77 = b, 0 = 3*d - 3*r - 93. What is the units digit of d?
4
Suppose 0 = 12*l - 283 - 125. Let d be 1 + 105 + 0 + -1. Suppose -3*p = -5*f + d, -p + l = 3*f + 3*p. What is the tens digit of f?
1
Suppose 36116 = 4*q + 4*x, q - 5138 = -3*x + 3879. What is the thousands digit of q?
9
Let v be -2 + (2562 - -2) + -7. Suppose -a - 6*a = -v. What is the hundreds digit of a?
3
Let x(h) = 165*h**2 - 70. What is the tens digit of x(-11)?
9
Let q be (-1 - (-415)/(-10))*(-8)/20. Suppose 0 = -21*o + q*o + 1592. What is the hundreds digit of o?
3
Suppose -4607 = -4*s - 1059. Suppose s = u - 5*a, 2*a = -6*u + u + 4300. What is the tens digit of u?
6
Suppose -6*g + 7*g - 2*i - 701 = 0, -3*g + 2096 = i. Suppose -703*q = -g*q - 420. What is the units digit of q?
5
Suppose g - 23*r + 28*r = 9353, -2*r = -4*g + 37412. What is the tens digit of g?
5
Let d be -4 - 7/((-14)/(-10)). What is the hundreds digit of (552/d)/(18/(-54))?
1
Suppose -62*k - 79*k + 244178 = -3555067. What is the thousands digit of k?
6
What is the hundreds digit of (2/(-9))/(-7 - 763636/(-109092))*3?
0
Suppose 0 = 3*r - 3, -7*r - 16306 = -5*f - 8*r. What is the hundreds digit of f?
2
Let r be 2374/(-10) + (-96)/(-240). Let h = r - -1947. What is the hundreds digit of h?
7
Suppose -2588089 - 3864369 = -122*h. What is the units digit of h?
9
Let v = 27 - 24. Suppose v*k - 10 = -4*s, 3*s - 13 = -7*k + 2*k. Suppose o = -o + 4*a + 134, -2*o + k*a + 126 = 0. What is the tens digit of o?
5
Suppose 4*k + 34 = 4*n - 3*n, 0 = -n + k + 25. Suppose -n*g = -17*g + 50. What is the tens digit of (-206)/g - 36/(-90)?
2
Suppose -f - 29 = w - 2*w, 3*f = -w - 67. Let l be (-140)/(-3)*(21 + f). What is the units digit of l/(-8)*16/20?
4
Let c = 77 - 74. What is the hundreds digit of ((-1822)/6)/((-1)/c)?
9
Let s(h) = 10 - 2*h + 14*h**2 + 10*h - 13*h**2. Let n be s(-7). Let i(j) = 6*j**2 + 5*j - 3. What is the units digit of i(n)?
6
What is the thousands digit of 4/(-38) + 182762*10/95?
9
Let s(z) = -16*z**2 - 6. Let c(i) = 31*i**2 + 13. Let r be (-3 + 1)*(15 - 14). Let x(w) = r*c(w) - 5*s(w). What is the units digit of x(2)?
6
Let v(q) = -227*q - 208. What is the tens digit of v(-26)?
9
What is the thousands digit of ((-17)/(2 - 1))/(20/(-4660))?
3
Suppose -4*m - 5*m = -5*m. Suppose m*r = -3*r + 42. Let z = r - -111. What is the hundreds digit of z?
1
Let n be 112/(-70)*3235/(-2). Suppose -4*j + 2*z + n = 0, 8*j - 4*j = -z + 2582. What is the hundreds digit of j?
6
Let b(h) be the second derivative of 3*h**5/10 - h**4/6 + 23*h**3/6 + 3*h**2 - 209*h. What is the units digit of b(6)?
8
Let x(q) = q**3 + 10*q**2 - 87*q + 147. What is the hundreds digit of x(13)?
9
What is the tens digit of 20 + -22 + 0 + -1*(-3 - 30776)?
7
Suppose -5*w - 98 = 2*w. Let m(c) = -c**2 - 14*c + 2. Let i be m(w). Suppose -3 = -i*t + 5*b + 1, 4*t - 5*b = 8. What is the units digit of t?
2
Suppose -4*x - 4*k + 67204 = 0, 405*x + 2*k - 84011 = 400*x. What is the hundreds digit of x?
8
Let a = -13622 - -22180. What is the hundreds digit of a?
5
Suppose -2*n + 32327 = -4*p - 20481, -4*n = 5*p - 105629. What is the thousands digit of n?
6
Suppose -16*w = 9*w - 367225. What is the thousands digit of w?
4
Suppose -2*c = -c - 3*b - 9433, 2*b + 18870 = 2*c. What is the units digit of c?
6
Suppose -268736 = -2251*r + 2235*r. What is the thousands digit of r?
6
Let r = 14996 - 9986. What is the units digit of r?
0
Let q(g) = 5*g**2 - 14*g - 16. Let n = 459 + -448. What is the tens digit of q(n)?
3
Let a(k) = -10. Let s(i) = i - 9. Let q(m) = -2*a(m) + 3*s(m). Let l be q(6). Suppose 2*w = l*w - 72. What is the units digit of w?
8
What is the thousands d